17 + (-23 - (-34 - -13)).
15
Evaluate -14 + (-37 - -41) - (0 + -8).
-2
Calculate 8 + -17 + (-2 - 5 - -15).
-1
Calculate (-29 - 4) + 5 - (-147 - -142).
-23
What is 489 + -523 + 1 + 23?
-10
What is the value of -31 - (-10 + (-16 - -11))?
-16
Calculate -26 - (21 + -64 + 32).
-15
Calculate (-5 + 4 + 6 - (-93 + 83)) + 7.
22
What is the value of 42 - (-14 + (32 + 7 - 10))?
27
What is 6 - 17 - (-5 + -2) - -1?
-3
Calculate (4 - 6) + 8 - ((10 - 7) + -6).
9
Evaluate -26 + -11 + 26 + 6.
-5
Evaluate -6 + 3 + -3 + 25 + -5 + -1.
13
What is 12 + (1 - 29) + (-22 - -24) + -1?
-15
What is the value of (-20 - -11) + -1 - -20?
10
(-2 - (-23 - -18)) + 1
4
Evaluate -15 - (53 + -67 - (-19 + 2)).
-18
Calculate (-1 - 2) + (10 - 6 - -3) - 7.
-3
What is the value of -16 - (-12 + (-18 - -7)) - -14?
21
Calculate -58 + 45 - (-1 - -1).
-13
Evaluate (125 - 129 - (15 - 1)) + (9 - 2).
-11
What is the value of -24 - ((-1 - 3) + (-35 - -13 - -17))?
-15
What is the value of 1 + -7 - (-11 - (-41 + 30))?
-6
Calculate -4 + -3 + 6 + (6 - 1 - 8).
-4
What is -2 - (-12 + (40 - 36))?
6
What is the value of 29 + -30 - (7 - (15 + 3))?
10
What is (11 - -2) + -3 + (-13 - -7) + -14?
-10
What is -16 - (-4 + (33 - 59))?
14
Calculate -1 + (12 - 21) - (2 + -10).
-2
0 + (-10 - -16) - (4 + -10 - -4)
8
What is (-3445 - -3462) + 0 + -6 + -1?
10
Calculate 13 + (-20 - -1) - (6 + 1).
-13
What is the value of (-34 - -14) + 27 - (-4 - -2)?
9
(-7 - (-7 - -5)) + 6 + 3 + -22
-18
Evaluate -50 + 19 + 6 - -35.
10
Calculate 9 + (-6 + 6 - 3) - (-20 - -13).
13
What is the value of 2 - (9 + -13 - (3 - (1 - -15)))?
-7
What is the value of (23 - 1) + (-27 - -17) + -6?
6
Evaluate 8 - ((-10 - -10) + 14).
-6
Calculate (-1 - (4 + -9 + 15 + -5)) + 21.
15
Calculate (-5 - -2) + (-12 - (-17 - -13)).
-11
What is (13 - 37) + (-8 - -36)?
4
-3 - -4 - -8 - ((3 - -6) + -13)
13
What is the value of -7 - (-35 + (4 - (-6 + -2)))?
16
What is 11 + 2 + (2 - 2) + (-8 - -2)?
7
-14 - -41 - 8 - 8
11
Calculate 21 + (-31 - -39) - 40.
-11
Evaluate 34 + -8 - (20 - 3).
9
Calculate 16 + -1 + (0 - 7) + -129 + 134.
13
Calculate 0 - -1 - (165 + -174).
10
2 + -3 - -8 - (279 - 270)
-2
Evaluate -23 - (11 + 16 + -35).
-15
Calculate 143 - 170 - ((16 - 16) + (-3 - 0)).
-24
What is (-1717 - -1757) + (-1 - 27)?
12
-26 + (10 + 1 - (15 - 12)) + -11
-29
98 + -113 + (53 - -1) + -16
23
Calculate -17 + (39 - 28) - -2.
-4
What is the value of 4 - (-18 - (-19 + -7))?
-4
What is the value of 4 - (6 + -3 + -5 + 6 + -3)?
3
What is (-14 - (-2 - -14)) + 25?
-1
What is 13 - (91 + -41) - -43?
6
Calculate (2 + -18 - -7) + 6 + (-2 - -7).
2
What is (-7 - (-1 + -1)) + (-1 - -9) + -7?
-4
Calculate -2 + -1 + -3 + (2 - -6) + -3.
-1
Calculate (-1 - 14 - (-94 + 87)) + 7.
-1
Calculate -6 + (-3 + 7 - 4) - -4.
-2
What is the value of 27 - -3 - (44 - (-50 - -76))?
12
Evaluate -43 - 15 - -53 - (-13 + -2).
10
33 - (-6 - -3) - -3 - (-143 + 155)
27
What is the value of 4 - ((10 - 17) + 3 + 7)?
1
Calculate -26 - (-14 + 11 + -3 + 4).
-24
What is (-6 - (-11 - 2)) + (-3 - 1 - -5)?
8
Evaluate -9 - 0 - (-8 - -7).
-8
What is (-31 - -3 - -20) + (-1 - 10)?
-19
Evaluate 0 - (9 - (20 - 10)) - (0 - -15).
-14
What is 0 + -33 - (-51 - (-59 - -23))?
-18
What is the value of -12 + 13 + (6 - 13) + (1 - 15)?
-20
Calculate -23 + (16 - -32) - 40.
-15
Calculate (5 - (7 + 3)) + (3 - -5 - 9).
-6
Evaluate (9 + -5 - -1) + -12 + 8.
1
Evaluate (-8 + 5 - -16) + (-8 - 0).
5
Evaluate (2 - (1 - (-6 - (5 - 10)))) + 4.
4
12 - (12 + -5 + 18)
-13
What is the value of 5 - (-16 - (4 + -14))?
11
Calculate 11 + ((-14 - -3) + 1 - -6).
7
Calculate (-9 - 6) + -56 + 70.
-1
What is the value of (-1 - -2) + -9 + -10 + 17 + -15?
-16
What is -8 - (-1 + (18 - 9))?
-16
What is the value of 1 + 4 - (-5 - (-22 + (15 - 4)))?
-1
Calculate -3 + 1 + 14 + -76 + 73.
9
26 + (-32 - -38 - 50)
-18
What is (-10 + 10 - -10) + -26?
-16
What is the value of (3 - (6 - 7)) + -6 - 23 - -6?
-19
Calculate -6 + (-5 - (6 - 30)) + -14.
-1
What is the value of -6 + -9 + (1 - -12)?
-2
What is (9 + 0 - 9) + 1 - (4 - 17)?
14
Calculate 20 + 7 - 1 - 15.
11
Calculate (2 - (7 - (-6 - -5))) + -10 + 5.
-11
Calculate -6 - -22 - (0 + -16 + 1).
31
What is -18 + 57 + -17 + -15 + 25?
32
Calculate 26 - 9 - 16 - -4.
5
What is the value of (10 - 6) + (-43 - 0) + 12 - 1?
-28
Evaluate -30 - -50 - (12 - -2).
6
Calculate (-19 + -18 + 30 - (-7 - 1)) + 19.
20
What is (-3 - (-4 - -16)) + 24?
9
Evaluate 1 + (-16 - -2) - (-779 + 788).
-22
Evaluate 7 - (-11 + -1 - (-16 + (17 - 8))).
12
What is 22 + -7 + 12 + -19?
8
Evaluate (0 - -2) + -2 + -7 + -4.
-11
What is (-21 - -15) + 12 + -6?
0
15 + (-1 + -13 - -23) + -10
14
What is the value of (15 - (-14 + 15 + 3 + -5)) + -8?
8
What is (15 - (54 - 6)) + 16?
-17
4 + -1 + -2 + -18 + -22 + 15
-24
What is -1 + (20 - -1) - (-279 - -292)?
7
Evaluate 39 - (2 + -5 - (-64 + 50)).
28
Calculate -18 - (-1 + -18) - (2 + 2 + -6).
3
What is the value of (-8 - 2 - 2) + 33 + -7?
14
What is the value of 4 + 30 + (-24 - -5) + -11?
4
Evaluate (-6 - (0 - 2)) + -2 + (3 - -5).
2
2 + -29 - (-19 + 20 + -13)
-15
Calculate -6 + (1 + -6 - (-53 + 44)).
-2
What is the value of 5 + -22 + 9 - 1?
-9
What is the value of -14 + 14 + -6 - -2?
-4
What is -10 + (2 - 3) - (9 + -3 + -3)?
-14
What is the value of -1 - (8 + (-8 - 1 - 7))?
7
What is the value of -3 + -4 + 3 - (29 + -26)?
-7
Calculate 9 - -4 - 16 - -7 - -3.
7
Evaluate (1 - (7 - -3)) + 9 + (-10 - -5).
-5
Calculate -48 - (-80 - -44) - 2.
-14
What is (0 + 9 - (13 + 1)) + (-2 - -23)?
16
Evaluate -8 + -20 - (-9 - (3 - 6)).
-22
Evaluate -13 + -12 + -12 + 12 - (1 - 9).
-17
What is (-3 - -11) + -5 + (-35 - -6 - -1)?
-25
What is the value of (-37 - -29) + 9 + 4?
5
Calculate 17 - (13 - -5 - (-7 + -3 + 19)).
8
What is the value of (110 - 101) + (2 - 15)?
-4
12 + -1 - 9 - (-1 + 11)
-8
What is 5 - (-9 + 13) - (5 - 11)?
7
Evaluate (0 - 3) + (1 - 1 - (-95 - -92)).
0
What is (0 - (-12 + 2)) + -1?
9
Calculate 6 - (2 - 1 - 0 - (515 + -519)).
1
-1 + 0 + (-9 - 0 - -14)
4
Evaluate -35 + (9 - (29 + -12)) - -18.
-25
Calculate (105 - 124) + (-1 - (0 - 0 - -5)).
-25
Evaluate 1 - (8 + 3) - -16.
6
-13 + (13 - (0 - (0 - 5))) + 27
22
(-17 - -8 - -10) + -4 + -12
-15
-11 - (-31 + 15) - (-6 - -13)
-2
-54 + -6 + 26 - -2
-32
What is -1 + (3 + -7 - -5) - (14 + -2)?
-12
Calculate 6 - (22 - 0) - -1.
-15
Evaluate -10 - (-7 + -6 + -10 + -11).
24
(-2 - (8 + (-5 - -4))) + 18
9
What is (3 - 3) + -25 + 53 - 11?
17
What is 1 - -27 - 0 - (-27 - (-40 - -6))?
21
What is 4 - ((-22 - -7) + 2)?
17
What is -2 - (14 - 6 - 9) - (-1 - 6)?
6
5 + -10 - (0 + (9 - (7 - 5)))
-12
What is the value of (-2 - -9) + 20 + -27 - -16?
16
What is 13 + 4 - (-110 + 136)?
-9
Evaluate -92 + 87 - (7 + 1).
-13
What is the value of -32 + (-20 - -31 - -3)?
-18
Calculate -9 + (-18 - (12 + -53)).
14
Calculate 29 + (-18 - 0) - 0.
11
-13 + 4 + 0 + 7 + -3 + -1
-6
What is 0 + (11 - (13 + -10)) + -2?
6
What is 1191 + -1172 - (50 - 1)?
-30
-6 + (-1 - (-1 - 22))
16
What is -4 + (-14 - -33 - 19)?
-4
Evaluate -45 - (6 - 44) - ((-18 - -1) + 1).
9
Calculate 0 + -1 + (7 - 8 - 9).
-11
Calculate -1 + -21 + 3 + 6 + -2 + 7.
-8
12 + (-10 + 15 - (6 + -2))
13
What is the value of 3 + -13 + (28 - 18)?
0
What is (9 - (21 + -14)) + 8?
10
Calculate 39 + -37 + 5 + (-3 - -2).
6
(10 - (2 - -2)) + (-1 - (-6 - -6))
5
Calculate -13 + 0 + (1 - (1 + (0 - 2))).
-11
What is the value of (5 + -4 - (-49 + 27)) + 2 + -8?
17
What is the value of (1 - (1 + -15)) + -15 + 29 + -16?
13
What is the value of -7 - (72 + -94 - (-1 - 2))?
12
Calculate 246 + -230 + 0 + (3 - 6 - -3).
16
What is the value of (-4 - -19) + -6 - 5 - (-1 - -9)?
-4
What is (-1 - -8 - -8) + -30 - 13?
-28
Evaluate 37 + 4 + (12 - 7 - 20).
26
9 + 35 + -35 + (0 - 2)
7
Calculate -1 - (-4 + -1 + -2 - -6).
0
What is (-6 - -17 - 17) + 10 + -9 + 0?
-5
Evaluate 24 + 9 + 10 + -38.
5
88 - 122 - -21 - (17 + -1)
-29
Evaluate -6 - -4 - (-2 + (11 - 8) - 9).
6
Evaluate 97 - 133 - (3 - (16 + 1)).
-22
Evaluate -9 + 8 - ((7 - 17) + 8).
1
What is (9 - (0 + 5) - -1) + 2?
7
What is 10 - (1 + -11 + 7) - (1 + 0)?
12
What is the value of 4 - (-4 + -9 + -2)?
19
Evaluate (6 - 3) + 1 + -15.
-11
Calculate -3 - (-15 + (31 - -13) + -9).
-23
Evaluate -27 - (-25 + 22 + -8).
-16
What is (4 + (3 - -1 - 2) - 6) + 9?
9
What is the value of (-5 - 14) + (10 - 1)?
-10
Evaluate -29 - -30 - ((4 - 0) + 2).
